(x) = 16*x**3 - 2*x**2 - x + 1. Let z be b(2). Suppose 229 = -5*p - 191. Let g = z + p. Is g a prime number?
False
Suppose -l + 97 = -d, -2*d - 2*d = l - 72. Let v = -39 + l. Is v prime?
True
Suppose 0 = 5*g + 1 - 6. Is 77/g + (-2)/(-1) prime?
True
Let h = -170 - -357. Is h a composite number?
True
Let v(h) = -3*h**2 - 5*h - 10. Let x be v(7). Let k = -65 - x. Suppose 4*a + 4*m = 128, 4*a + 4*m - m = k. Is a composite?
False
Let i = -20 - -73. Is i composite?
False
Let q(u) = -63*u - 1. Let p = 0 - 4. Is q(p) a prime number?
True
Suppose -4*c + 3*c = -127. Suppose 0*l - l = -c. Is l prime?
True
Let u(j) be the third derivative of 0*j + 0 + 1/120*j**6 - 1/3*j**4 - 5/6*j**3 - 1/15*j**5 - j**2. Is u(6) a composite number?
False
Let s be (-1 - 0) + 2 - -5. Is (-3)/(s/2) - -4 composite?
False
Let y(o) = 3*o**2 - 2*o + 6. Let w be y(-5). Suppose b - 2*m - 109 = -0*b, b + 4*m = w. Is b composite?
False
Is 48/12 - (-1 + -1310) a composite number?
True
Let x(o) = -28*o - 11. Is x(-6) a composite number?
False
Let k be (4/2)/(-5 + 6). Is 3 + 556 + -4 + k a composite number?
False
Let h = 6 - -55. Let n = 158 - h. Is n prime?
True
Let n(f) = 2*f**2 - 2*f. Let q be n(4). Suppose 4*a - 4*h = -4, 4*a - q = -2*h - h. Suppose -g + 24 = a*j, -14 = 2*g - 3*g - j. Is g a prime number?
False
Let z = 415 - 275. Let o = z - 55. Is o composite?
True
Is (-18863)/(-117) + (-2)/9 composite?
True
Let g = 8 + -5. Let v = -36 - -61. Suppose 0 = 2*s - g*s + v. Is s composite?
True
Is 66/5*20/8 composite?
True
Let x(h) = 2 - h**3 + 2*h + h - 2*h. Let p be x(0). Suppose -u + 3*o + 59 = 0, 0*o + 8 = -p*o. Is u a prime number?
True
Let f(r) be the third derivative of r**5/60 + r**4/24 + 5*r**3/6 + r**2. Is f(8) a prime number?
False
Suppose -2*n = -2*q + n + 24, 3*n = 0. Suppose q = 5*o + 2. Is 2/(208/(-106) + o) prime?
True
Let a be (-26)/(-65) - 357/5. Suppose 0 = -5*q - 5*h - 548 - 87, -h = 3*q + 375. Let i = a - q. Is i prime?
True
Let z = 0 - -1. Let h(g) be the first derivative of 8*g**4 - g**2 + g - 2. Is h(z) a prime number?
True
Suppose 2*r + 15 = 5*r. Suppose 4*u - 1268 - 365 = -r*z, u - 655 = -2*z. Is z a prime number?
False
Is 25326/12 + 3*(-2)/(-12) a composite number?
False
Suppose f + 5*p - 357 = 0, 5*f + p - 1697 = -2*p. Is f a composite number?
False
Let r = -1 - -3. Suppose -5*b + 1109 = 2*l, 0 = -3*b + 3*l + r*l + 684. Is b a prime number?
True
Let k be 2/4 + 5/(-10). Suppose k = -l + 421 + 136. Is l prime?
True
Is 1124/32*50 + 3/4 prime?
False
Let y = 1 - 5. Let j = y + 9. Suppose -2*x + 19 = j*f - 22, -5*x - 3*f + 112 = 0. Is x a prime number?
True
Let o(f) = 3*f**3 - 6*f**2 + 5*f - 11. Is o(9) a prime number?
False
Let z(c) = -c**3 - 4*c**2 + 2. Let n be z(-4). Suppose -5*p + 19 = 2*d, n*p - 4 = -2*p. Is d a composite number?
False
Let q = -751 - -1866. Is q prime?
False
Suppose 3*b + 3*a - 1142 = 8*a, 1514 = 4*b + 2*a. Is b a prime number?
True
Let m(v) = v**2 - 7*v + 6. Suppose 2*r = 2*s + 12, -2*r - 2*r = 4*s - 24. Let f be m(r). Is f + (1 + -1 - -2) prime?
True
Let y be (-2 - -1)*(-103)/1. Let q = -68 + y. Is q prime?
False
Let z be 2/(-2)*1*-8. Suppose 3*i + 5 = -g, -z = -2*g + 2*i + i. Is (-2)/g + (-9)/(-1) composite?
False
Suppose -w = -0*p + 2*p - 1166, 3*p - 1723 = 5*w. Is p prime?
False
Let j(k) = k**3 - 3*k**2 - 2*k + 1. Let b be j(4). Let q = b + -3. Is (-2 - (-75)/q)*2 composite?
True
Let k = 18 + 0. Is 0 - -533 - (-18 + k) a composite number?
True
Let z be (9/(-3))/3 - -4. Suppose -4*u = -z*u. Suppose 2*f + 2*f = 2*a + 310, 5*f + a - 398 = u. Is f a prime number?
True
Suppose -3*l = -2*v + 139, 2*l = -4*v + 365 - 47. Suppose 0 = f + 2, f + v = h - 6*h. Is 2/4*(-1 - h) composite?
False
Suppose 0 = -18*d + 19*d - 21. Is d composite?
True
Let a = 4296 + -2911. Is a a composite number?
True
Let c = 20 + -12. Suppose c + 10 = -3*a. Is 1/(-3) + (-236)/a prime?
False
Suppose -5*w - 4*z + 643 = 0, z = 4*w - 4*z - 498. Is w a prime number?
True
Suppose -1279 - 964 = -3*f - 4*g, -3729 = -5*f - 2*g. Is f composite?
True
Let y = 494 + -243. Is y a composite number?
False
Suppose 7539 = 3*i + 3*n, 0 = 3*n - 0*n. Is i a composite number?
True
Suppose 3*d = -v - 31, -3*d + v - 61 = -4*v. Let s = 7 + d. Let g = 11 + s. Is g composite?
True
Let v = 6 - 8. Let s be (v*2)/((-3)/42). Let p = 91 - s. Is p composite?
True
Let f = 4 - 0. Suppose -3*w = -f*w + 10. Let n(v) = 7*v + 7. Is n(w) a composite number?
True
Let s be (-3 + 6)*(-2)/(-3). Let h = s + 2. Suppose 5*f - 310 = -5*i, 2*f - h*f + 5*i + 159 = 0. Is f composite?
False
Let u = 25 + -20. Is 67/3 + u/(-15) prime?
False
Let n(g) = -g**3 + 5*g**2 + 9*g - 7. Suppose 4*w - p + 0*p - 28 = 0, 4*w - 16 = -2*p. Is n(w) a prime number?
True
Suppose 4*r + 2013 = 4*f - r, -2*r - 1501 = -3*f. Is f a prime number?
False
Let n = 28 + -10. Suppose 4*h + w = -w + n, -w + 15 = 5*h. Is (-1935)/(-25) + h/(-5) a composite number?
True
Suppose 3*n - 545 = 2*a, -4*a + 0*a = 16. Is n a prime number?
True
Let x(b) = 14*b**2 - 2*b - 2. Let n be x(6). Suppose -2*q + 4*d = -n, q + 505 = 3*q + d. Is q composite?
False
Suppose 30 = -3*q - 0*q. Is (-2074)/(-18) + q/45 a prime number?
False
Is (-411)/6*(20 + -2)/(-3) a composite number?
True
Suppose -5*v + 130 = -5*t, 4*v + t = -3*t + 120. Is ((-1099)/v)/(1/(-4)) composite?
False
Suppose z = -4*f - z + 24, -36 = -2*f + 5*z. Suppose -r - 8 = -2*o, -4*o - 4*r + 2*r + f = 0. Suppose -5*i + 330 = -y, -o*i + 0*y + 176 = -5*y. Is i composite?
False
Let x(a) = a - 3. Suppose 5*t - 26 = 4. Is x(t) a composite number?
False
Let n(z) = -94*z - 2. Let b be n(-2). Suppose -2*y + 0*y = -b. Is y prime?
False
Suppose -2*s = 5*c + 20, -c + 0*c - 4 = 5*s. Suppose 4*a - 2554 - 786 = s. Is a a composite number?
True
Let n = 121 + -38. Is n prime?
True
Suppose -5*h = -5*r - 355, 1 + 3 = 4*r. Suppose 0 = 4*n + 4*l - h, -3*n + n = l - 33. Is n prime?
False
Let d(z) = -50*z**3 - 2*z**2 - 2*z - 1. Let w(k) = k - 4. Let v be w(4). Suppose 3*a + v + 3 = 0. Is d(a) a composite number?
True
Let q(a) be the second derivative of a**5/5 - a**4/4 - 2*a**2 - a. Let z be -1*(2/(-1) + -1). Is q(z) a composite number?
True
Let z be (-4)/6 + 2/3. Suppose k = -z*i + 5*i - 106, 3*k = 4*i - 76. Let f = 36 - i. Is f a prime number?
False
Is (-3)/(6/(-2)) + 346 a prime number?
True
Let v(u) = u - 1. Let n = 6 + -5. Let a be v(n). Suppose a = 5*y - 4*q - 74 - 1041, 5*q = 0. Is y a prime number?
True
Let j = 222 + -63. Suppose j = 2*i - 19. Is i composite?
False
Suppose -b - 6*o + 126 = -3*o, -4*b + 5*o + 589 = 0. Is b prime?
False
Let c be 6 - 7/(28/12). Suppose 2*d - c*d + 87 = 0. Is d a composite number?
True
Let a = 3 + 1. Suppose 0 = -4*x + 5*v + 293, -a*x + 30 + 266 = -4*v. Is x composite?
True
Let o be (7 + -2)/(2/6). Let t be (-4)/(-10) + 24/o. Suppose 0 = -2*k + t*n + 5 + 17, 3*n - 6 = 0. Is k a prime number?
True
Suppose 0 = 4*k - 5*v + 119, -2*k + 4*v + 118 = -7*k. Let h = k + 40. Is h prime?
False
Suppose 12*l - 130114 = 17138. Is l a prime number?
False
Is ((-212)/(-6))/((-16)/(-24)) a prime number?
True
Let o = 39 - 24. Let j = 9 + 21. Let q = j - o. Is q composite?
True
Suppose 5*w - 16 = 4. Let z be (63/(-18))/((-2)/w). Let c(m) = 5*m - 10. Is c(z) a composite number?
True
Let a(y) = y**2 + 2. Let t be a(-2). Is ((-3)/t)/((-1)/244) a prime number?
False
Suppose -3*v = 2*m - 19, -m = m + 5*v - 29. Suppose -x + 4 = g, 0 = -g - 2*g - m*x + 7. Is 89*(g + 0)*-1 prime?
True
Suppose -4*t + 653 = w - 708, 5*t = -5*w + 1720. Let x = t - 184. Suppose 1 = l, -x + 11 = -4*b + 4*l. Is b composite?
False
Suppose -3*s = f + 4*f - 2228, 3*f = s - 766. Is s a composite number?
False
Suppose 6*z - 412 - 4010 = 0. Is z composite?
True
Suppose 4*k - 12 = -0. Suppose -2*y - 17 = -k*j, -3*j = -y + 5 - 24. Is j prime?
True
Let v = -2 + 6. Is (530/(-8))/(-5)*v a prime number?
True
Let x = -242 + 588. Is x composite?
True
Let b(a) be the first derivative of 205*a**3/3 - 3*a**2/2 + a + 6. Is b(1) a composite number?
True
Is ((-2)/6)/(6/(-10026)) a prime number?
True
Let q(t) = -t**3 - t**2 - t + 13. Let x(i) = -3*i - i + 3*i. Let s be x(0). Is q(s) a composite number?
False
Suppose -2*a = -4*w - 7 - 5, w + 3 = 2*a. Suppose 2*j = -a*j - 12. Is (-1*22)/(j/15) a composite number?
True
Is 1*3374/4 - 35/70 prime?
False
Suppose 83 = -3*f